 - 4*z = -i. Suppose 18 + 9 = c*f. List the prime factors of f.
3
Let p(l) = 46*l - 3. Let y be p(-2). Let x = -40 - y. List the prime factors of x.
5, 11
Let g(b) = 11*b**2 - 17*b + 5. Let q(u) = -5*u**2 + 8*u - 3. Let o(k) = 4*g(k) + 9*q(k). Let w be o(5). List the prime factors of (w/(-10))/((-4)/(-10)).
3
Suppose 0 = 4*a - 641 + 9. What are the prime factors of a?
2, 79
Let m(q) = -229*q + 1. What are the prime factors of m(-1)?
2, 5, 23
Suppose -4*b - 20 = b. List the prime factors of (-1 - -32) + b + 1.
2, 7
Let t(v) be the third derivative of v**5/60 + 5*v**4/24 - 2*v**3/3 + v**2. What are the prime factors of t(-10)?
2, 23
Let w(t) = -t - 8. List the prime factors of w(-10).
2
Suppose -4*w + 30 + 10 = 0. What are the prime factors of w?
2, 5
Suppose -9 = -5*c - 4*r, 5 + 2 = -c - 3*r. What are the prime factors of c?
5
Suppose -168 = -0*n - 4*n. List the prime factors of n.
2, 3, 7
Suppose 5*a + 2*u - 51 = 0, -5 - 1 = 3*u. What are the prime factors of a?
11
Let b(a) = 2*a**2 - 4*a + 3. Let r be b(2). Let w be (3 + -2 + r)/1. Let i = w + 4. List the prime factors of i.
2
Let j be 2 - 4 - 4/(-1). Suppose -145 = -7*w + j*w. List the prime factors of w.
29
Let y(s) = 16*s**2 + 2*s. Let o be y(2). What are the prime factors of o/6 + 2/(-6)?
11
Let f(o) = 5*o**3 - 3*o**2 - 4*o + 2. Let i(w) = -4*w**3 + 3*w**2 + 3*w - 1. Let b(v) = -5*f(v) - 6*i(v). What are the prime factors of b(-4)?
2
Let h(q) = q**2 + 5*q + 3. Let j be h(-6). Let m be (11 + 12/(-3))/(-1). Let x = j + m. What are the prime factors of x?
2
Let c be (-2)/(-9) + (-1280)/(-72). Let x = c + 1. List the prime factors of x.
19
Suppose 2*q + 3*q - 25 = 0. Suppose 27 = 2*a + q. List the prime factors of a.
11
Let p = -36 + 90. What are the prime factors of p?
2, 3
Suppose 2*l - 34 = -3*q + 11, -4*q = -4*l + 140. Suppose -s = 4*s - l. List the prime factors of s.
2, 3
Let h = -21 + 48. What are the prime factors of h?
3
Let a(s) = -3*s - 6. Suppose 4*c + 5*w + 28 = -4, 0 = -2*c + 3*w - 16. List the prime factors of a(c).
2, 3
Suppose -6*p + 302 = l - p, -3*l + 956 = 5*p. What are the prime factors of l?
3, 109
Let q = -84 + 93. List the prime factors of q.
3
Let o = -63 - -33. Let h = o + 47. List the prime factors of h.
17
Let g(l) = -l**2 - 10*l + 5. What are the prime factors of g(-8)?
3, 7
Let p(v) = -v**2 - 6*v - 1. Let y be p(-5). Let w = 8 - y. Suppose -w*z + 6*z - 14 = 0. What are the prime factors of z?
7
Let h be (-6)/10 + (-16)/(-10). Suppose -h = p - 0. List the prime factors of (-22 - p)/((-6)/4).
2, 7
Suppose 2*s + 41 = 1. Let f = 17 + -9. What are the prime factors of ((-8)/5)/(f/s)?
2
Suppose 5*i = -2*l - 20, 4*i + 16 + 0 = 3*l. Suppose -5*u - 4*y = -34, l*u - 4*u = 5*y - 29. List the prime factors of u.
2, 3
Let j be 6/15 - (-76)/10. What are the prime factors of 114/7 - j/28?
2
Let p(i) = i**2 - i. Let d be p(4). Let h = d - 0. Let o = h + -6. What are the prime factors of o?
2, 3
Let q(d) = d**3 + 9*d**2 + 7*d + 10. Let l be q(-6). Let b = -54 + l. List the prime factors of b.
2, 11
Let k(y) = 4*y - 8. Suppose 2*g + g - 21 = 0. List the prime factors of k(g).
2, 5
Let d be -7 + 3 - (1 - 5). Suppose 51 = -d*j + j. List the prime factors of j.
3, 17
What are the prime factors of ((-2816)/80)/(12/(-10) - -1)?
2, 11
Let s = 207 + -124. List the prime factors of s.
83
Let m = 44 - 27. Suppose 4*w - 8 - 4 = 0. Suppose 0 = 3*d + 5*u - m, 0*d = d + w*u - 7. What are the prime factors of d?
2
Suppose a + 0*a = 0. Suppose a = 6*x - 3 - 27. What are the prime factors of x?
5
Suppose 4*w = w + 69. List the prime factors of w.
23
Let r(g) = -3*g - 10. What are the prime factors of r(-10)?
2, 5
Let q(k) = k**3 - 14*k**2 - 9*k - 36. List the prime factors of q(15).
2, 3
Let h be (-21)/(-9) + 4/6. Suppose t + 2*b = 15, -2*t = -h*t - 4*b + 21. What are the prime factors of t?
3
Let a = 8 - 4. Suppose -2 - 10 = -a*t, g + 9 = 4*t. What are the prime factors of g?
3
Suppose 3*v = 3*z - 102, -2*v + 19 = z - 24. Suppose -3*l = -4*c - 68, -2*l - c + z = -2*c. List the prime factors of l.
2
Suppose 0 = -4*o - 5*b + 129, -3*b + 11 = -3*o + 74. List the prime factors of o.
2, 13
Let x = 5 - 3. Suppose x*q = r + 2, r + r - 8 = 0. Suppose -o + 8 = q*o. List the prime factors of o.
2
Suppose -3*r + 4 = -r. Suppose r*x - 4 = o, -9 - 11 = -4*x. What are the prime factors of -3*2*(-4)/o?
2
Let w be 0/(0 + 1 + -2). Suppose w*m + 13 = m. List the prime factors of m.
13
What are the prime factors of (5 + (-2)/2)/1?
2
Let n(u) = 9*u - 2. Let v be n(3). Suppose -3*j = 2*q - 16, q - 19 = -3*j + 1. Suppose -v = 3*l - j*l. List the prime factors of l.
5
Let b be (-3 + 6)*2/3. Suppose -b*t + 3*t - 27 = -3*f, 4*t - 28 = -4*f. List the prime factors of f.
2, 5
Suppose -190 + 42 = -4*x + 5*b, -5*b = x - 37. What are the prime factors of x?
37
Let w(o) = -4*o**3 + 6*o**2 - 2*o. Let b(q) = q**3 - q - 1. Let y(d) = 3*b(d) + w(d). What are the prime factors of y(4)?
3
Suppose 0*k - 67 = -4*k - 5*u, u = -5*k + 68. Suppose 0 = -3*f + 5*z - k, 13 = f + f + z. What are the prime factors of f?
2
Suppose 19 = 2*h - 37. List the prime factors of h.
2, 7
Let y be (-1 + 0)*(-68)/4. Suppose y - 57 = -d. What are the prime factors of d?
2, 5
Suppose 520 = 5*g - 4*t, t + 300 = 5*g - 220. Suppose -g = -4*u - 16. What are the prime factors of u?
2, 11
What are the prime factors of (-1 + 0 - -101)*1?
2, 5
Let f(u) = u - 2. Let l be f(-6). Let p(s) = s**2 + 7*s + 3. Let d(n) = 1. Let w(q) = -d(q) + p(q). What are the prime factors of w(l)?
2, 5
Suppose -4*q + 0*o + 4*o + 4 = 0, -5*q + 3*o = -13. Let k = 10 - q. Suppose -k*c - 5 = -f - c, 15 = 3*f + c. List the prime factors of f.
5
Let h = 0 - -6. Let l(k) = -k**2 + 8*k - 2. List the prime factors of l(h).
2, 5
Let n(i) = 10*i - 9. What are the prime factors of n(8)?
71
Suppose 3*w - 50 - 37 = -4*l, 5*w = l + 7. List the prime factors of (l/(-8))/(2/(-8)).
3
Let g(j) = -17*j. Let l be g(-1). Suppose -l*b = -15*b - 88. List the prime factors of b.
2, 11
What are the prime factors of 143/4 + (-1)/(-4)?
2, 3
Let x = -5 + 8. Suppose k - 5 - x = 2*b, 0 = -k - 3*b - 17. Let s(r) = -r**3 + r**2 - 2. List the prime factors of s(k).
2, 5
Let b(w) be the second derivative of w**4/12 + w**3/6 + 5*w**2/2 - 3*w. Let s be b(0). Let x(y) = 4*y - 5. What are the prime factors of x(s)?
3, 5
Suppose -17 = -v + 70. List the prime factors of v.
3, 29
Let i(u) = -u**2 + 6*u - 2. Let b be i(6). Let l be b/8 + (-195)/(-12). Suppose l = 3*r - 8. List the prime factors of r.
2
Let p(y) = 2*y**2 + y. Let j be p(-1). Suppose -2*c + 3 = -3*z - j, 5*c = z + 10. List the prime factors of c.
2
Let u = 21 - 24. List the prime factors of (-2)/(-4)*u*-30.
3, 5
Let z = -534 - -848. What are the prime factors of z?
2, 157
Let f(s) = -2*s - 12. Let b(q) = -q - 13. Let m(y) = -2*b(y) + 3*f(y). Let t be m(-10). Let o = t - 18. List the prime factors of o.
2, 3
Let y be (-3 - 2)*(-4)/5. List the prime factors of (2 - -5) + y/(-4).
2, 3
Suppose -5*l - 21 = -151. What are the prime factors of l?
2, 13
Suppose 3*c + 25 = -2*c. Let s(k) = -k**3 - 6*k**2 - 5*k + 3. What are the prime factors of s(c)?
3
Let j(r) = r**3 - 6*r**2 + 7*r - 6. Let q be j(5). Suppose q*s = s + 18. What are the prime factors of s?
2, 3
Let m = 13 + -9. Suppose m*r = -13 + 61. What are the prime factors of r?
2, 3
Let s be 3*3/(-3) + 13. Let g(v) = -v**3 + 11*v**2 - 8*v + 2. List the prime factors of g(s).
2, 11
Let q(d) be the third derivative of -d**4/24 + d**3/2 - 3*d**2. Let j = -8 + 1. List the prime factors of q(j).
2, 5
Suppose -2*k = -0*k - 92. Let l = -30 + k. List the prime factors of l.
2
Let p(t) = 3*t**2 - 2 - 2*t**2 + 0*t**2 + 0*t**2. Let c be p(0). Let v(o) = -2*o**3 + 3*o + 3. List the prime factors of v(c).
13
Let z be ((-1)/(-2))/(2/8). What are the prime factors of z/6 + 64/6?
11
Let y be -2 + -1*(2 + -1). Let g = -6 - y. Let j = g - -8. What are the prime factors of j?
5
Suppose -8*v + 10*v = -2. Let b be 47/4 + 2/8. Let m = v + b. List the prime factors of m.
11
List the prime factors of -1 + -2 + (-45)/(-1).
2, 3, 7
Let v(n) = -1 - 5 - n + n**2 - 3*n + 2*n. What are the prime factors of v(-5)?
29
Let z = 625 + -383. Suppose 0*x - 4*x + 237 = 3*t, -4*x = 2*t - z. What are the prime factors of (-10)/(-25) + x/5?
13
Let q(